he prime factors of (-126)/72 + 30/(-200)*-121145?
2, 5, 23, 79
Suppose 0 = 30*a + 16*a + 98531 - 323103. What are the prime factors of a?
2, 2441
List the prime factors of ((-288)/28 + -2)*(-770 + -21).
2, 43, 113
Let a(b) = b + 24. Let w be a(12). Let z = 37 - w. Suppose 3*d - m - 110 = -z, -2*m = 2*d - 62. List the prime factors of d.
5, 7
Let r = 18 - 5. Suppose 14 = r*g - 38. List the prime factors of g/6 + (-20)/(-15) + 78.
2, 5
Suppose -2*x - h = x - 50173, -4*x = -5*h - 66891. What are the prime factors of x?
2, 37, 113
Let z(h) = 8*h**2 - 40*h + 13. Suppose -3*q + a = 6*a - 39, 2*a = q - 2. What are the prime factors of z(q)?
5, 41
Let v(q) = 33*q**2 - 8*q + 10. Let l be v(7). Suppose 309 = 5*r - l. Suppose -4*o + 4*k + 0*k + r = 0, -4*o = -3*k - 376. What are the prime factors of o?
2, 47
Let m = 94 + -92. Suppose 2*z + 492 = 2*w, -w - 108 = m*z - 345. Suppose 0 = -k + g + w, -1110 = -4*k + 5*g - 135. List the prime factors of k.
2, 3, 5
Suppose 0 = 31*z + 14*z - 74925. Let i = -1139 + z. What are the prime factors of i?
2, 263
Suppose -1476 - 1407 = -5*y + 3*f, 1174 = 2*y + 4*f. Let u be (3/(-9))/((-1)/y). Suppose 461 = 3*k - u. List the prime factors of k.
2, 109
Let p(q) = 139*q + 6724. List the prime factors of p(82).
2, 13, 17, 41
Suppose -4*v - x + 38167 = 0, 9183 = -4*v + x + 47352. What are the prime factors of v?
2, 13, 367
Let z be 2/(-17) + (-10)/(-85). Suppose z = 27*d - 14161 - 1607. What are the prime factors of d?
2, 73
Let r be (12/(-7))/((-6)/63). Let x be 3*(-3)/r + (-1)/(-2). What are the prime factors of -2 + -18*(x + 3/(-9))?
2
Let l(i) = 138*i + 166. Let u be l(-7). List the prime factors of (-138)/1449 + u/(-21).
2, 19
Suppose -2*m - 12 = -56. Suppose -26*f + 1680 = -m*f. List the prime factors of f.
2, 3, 5, 7
Let b be 889/(-33) + 38/(-627). Let l(p) = 2*p**2 + 14*p - 90. What are the prime factors of l(b)?
2, 3, 5, 11
What are the prime factors of 3100/93*798/4 - -5?
5, 11
Suppose -i = 4*u - 172052, -126627 = -2*u + 2*i - 40621. What are the prime factors of u?
3, 59
Let w = 179 + 180. Let t = 777 - w. List the prime factors of t.
2, 11, 19
Suppose -7*d + 4*d - 3*a + 142314 = 0, 2*d + 3*a - 94882 = 0. List the prime factors of d.
2, 7, 11
Suppose 36*s + 9667 = 32815. What are the prime factors of s?
643
Let x = -35 - -27. Let g be -3*9/(-3) - (5 + x). List the prime factors of (g*(-9)/30)/((-3)/80).
2, 3
Let n = -30 + 86. Suppose -n = -2*q + 14. Let f = 0 + q. What are the prime factors of f?
5, 7
Suppose 3*t + 5*c = 19960, -2*t + c = -7*t + 33230. What are the prime factors of t?
3, 5, 443
Let c be -2 + (0 - -17) + -2. Suppose 61 = c*r - 56. What are the prime factors of (r/6 - 2)*-314?
157
Let t(f) = -f**3 + 2*f**2 + f. Let l be t(2). Suppose -h = l*h - 3. Let b = 11 - h. What are the prime factors of b?
2, 5
Let h(r) = 2121*r - 184. What are the prime factors of h(1)?
13, 149
Suppose 7*x - 709375 = -118*x. List the prime factors of x.
5, 227
Let w(u) = 2058*u + 54. What are the prime factors of w(14)?
2, 3, 17, 283
Suppose -5*b - 45071 = 68*b - 804709. List the prime factors of b.
2, 11, 43
Let b be (-1 - -1) + (6 - 4). Suppose 43 = -b*g + 73. List the prime factors of g.
3, 5
Let g be (-3 + 0)*1 - 32. Let k(b) = b**2 + 28*b - 62. List the prime factors of k(g).
3, 61
Suppose -3*r + r + 318 = 0. Suppose -12*o + 954 = -114. Let k = r - o. What are the prime factors of k?
2, 5, 7
Suppose -4*a + i = -7, -i + 0*i = -5. Suppose 6*b = a*b - 171. Let j = b - -115. List the prime factors of j.
2, 29
Suppose -3*l + o = -242, o + 406 = 11*l - 6*l. Let y = -4 + 7. Suppose -l = -d - y. List the prime factors of d.
79
Suppose 8*g = 6*g, -4*i = 3*g - 9152. What are the prime factors of i?
2, 11, 13
Let r(h) = -20*h - 4*h - 15*h - 119 + 3*h. What are the prime factors of r(-24)?
5, 149
Let r(d) = 145*d + 9 + 38*d - 25 + 30. List the prime factors of r(3).
563
Let j(h) = 5*h**2 - 315*h - 115. What are the prime factors of j(65)?
5, 107
What are the prime factors of 399789/104 - -15 - (-4)/(-32)?
17, 227
Let q(k) = 16 + 15 + 11 - 2*k + 5. Suppose 24 = o + 3*z, 2*o - 15*z + 20*z - 46 = 0. What are the prime factors of q(o)?
11
Suppose -2*h = -3*u - 0*u + 134, -3*h + 207 = 4*u. Suppose u*y + 339 = 49*y. List the prime factors of y.
3, 113
What are the prime factors of (-13080)/(-18)*(-10 - -52)?
2, 5, 7, 109
Let y(g) = -5*g + 24. Let p be y(7). Let s = p + 17. List the prime factors of 160/(-50)*((-177)/s - -2).
2, 11
Suppose 0 = 10*n + 6538 + 12952. Let p = -1053 - n. What are the prime factors of p?
2, 7
Let z be (8/(-12))/(25/(-27) - -1). Let v = z + 12. What are the prime factors of v?
3
Suppose 72213 = 3*x - 2*o, 279*o = 5*x + 278*o - 120376. List the prime factors of x.
24077
Suppose 0 = 43*x - 50*x + 1512. Let q = 1676 - x. List the prime factors of q.
2, 5, 73
Let p be (9/(-2) - -5)/(1/(-46)). Let g = p - -26. Suppose -2*u = -4*h - 103 - 87, 4*h = g*u - 295. List the prime factors of u.
3, 5, 7
Suppose -5*m - 11 - 14 = 0. Let w = m - -10. Suppose -3*k = -w*z + 3*z - 343, 0 = -4*k + 3*z + 458. List the prime factors of k.
113
Let d(f) be the first derivative of -10*f**2 + 43*f - 72. List the prime factors of d(-15).
7
Let k(j) = 0 + 10*j + 1 + 7*j**2 + 10*j**2 - 5*j**2. Let h be (-1)/(108/243 + 14/(-72)). What are the prime factors of k(h)?
3, 17
Let x(t) = -t + 27. Let m = -1 - -13. Suppose -17*s = -m*s - 70. List the prime factors of x(s).
13
Let y be (0 + -3)/(6/(-8)). Suppose -k = y*k - 0*k. Suppose 0 = -2*x + 7*x - 15, k = 2*p + 5*x - 81. What are the prime factors of p?
3, 11
List the prime factors of 23908 + 14 + 0 + -30.
2, 3, 11, 181
Let y(j) = 36108*j + 438. What are the prime factors of y(2)?
2, 3, 12109
Let z be (1/(-3))/(-5 - 1494/(-297)). Let s be -12*(-8)/64*(z - -1). List the prime factors of s*(1 + -5 - (-136)/(-24)).
5, 29
Let z = 766 - 374. Suppose 0 = -9*f - z - 265. Let r = f + 190. List the prime factors of r.
3, 13
Suppose 5*f = 145 + 105. Let b = -45 + f. Suppose -4*d - 91 = b*u - 354, -d = 5*u - 272. What are the prime factors of u?
5, 11
Suppose q - 40 = -7*q. Suppose 2*v - 239 = -y, -q*v + 3*v + 230 = -2*y. List the prime factors of v.
2, 59
Let x(y) = -42 - 66 - 34*y**3 + 108 - 7*y**2 + 139*y**3. What are the prime factors of x(2)?
2, 7, 29
Let o be (1 - -1)*(-3)/4*-22. Let f be ((-11)/o)/(1/9). What are the prime factors of 1*((108/f)/(-3) - -1)?
13
Suppose 0 = -3*q, -3*v - 2*q = -22800 + 3045. List the prime factors of v.
3, 5, 439
Let g(y) = y**3 - 13*y**2 + 15*y + 1. Let c be g(15). Let f = c - 271. List the prime factors of f.
3, 5
Let u be (-562)/4*(-1)/1*2. Let l = u - 132. What are the prime factors of l?
149
Let n(s) = -106*s - 187. Let j(l) = 212*l + 373. Let w(b) = -6*j(b) - 11*n(b). What are the prime factors of w(-7)?
3, 11, 17
Let k be 6228/(-20)*(-45)/27. Suppose -7*r - k = -8*r + 3*p, -r = 2*p - 539. List the prime factors of r.
3, 59
Let z(y) = -2*y + 74. Let a(c) = -75. Let l(h) = 3*a(h) + 2*z(h). Let m be l(-21). Suppose m*t + 3*t = 1300. What are the prime factors of t?
2, 5, 13
Let p be -19 - (5/10 - (-26)/(-4)). Let f(n) be the second derivative of n**3/6 + 14*n**2 - 2*n. What are the prime factors of f(p)?
3, 5
Let v(m) = -30*m - 19. Let s(d) = -d**2 - 9*d + 16. Let g = 62 + -73. Let f be s(g). What are the prime factors of v(f)?
7, 23
Let a be 15/(-6)*608/40. List the prime factors of ((-41)/(-2))/(a/(-760)).
2, 5, 41
Let z = 20489 + -15688. List the prime factors of z.
4801
Let l = -23359 + 55438. List the prime factors of l.
3, 17, 37
Let c = -496 - -963. Let y = -151 + c. List the prime factors of y.
2, 79
Let r(x) = -66 + 17*x + 13*x + 14. What are the prime factors of r(7)?
2, 79
Let u(a) = 343*a**2 + 4*a - 25. What are the prime factors of u(4)?
5479
Let t = 237 - 332. Let o = -110 - t. What are the prime factors of (-6)/o + 1432/20?
2, 3
Let o = 1983 + 3566. List the prime factors of o.
31, 179
Let f = -157 + 186. Suppose -4*b - f - 269 = -i, b + 3 = 0. What are the prime factors of i?
2, 11, 13
Let v(p) = -22424*p - 6028. What are the prime factors of v(-3)?
2, 61, 251
Suppose c = 5*z + 1515 - 310, 3550 = 3*c - 2*z. Suppose -14*p + 18*p - c = 0. What are the prime factors of p?
5, 59
Let f = 28488 - 19721. What are the prime factors of f?
11, 797
Let t(n